git of l?
8
Suppose -2*c + 3*v + 2*v = -40, -2*c + 2*v + 34 = 0. Let x = c - 13. What is the units digit of 1*x + (-5 - -51)?
8
Suppose 2*c - 34 = -4*n, -2*c + 49 = 4*n + 3*c. Suppose 0 = -5*i + n*i. Suppose 2*x = -o + 14, -4*x - 4*o + i*o + 32 = 0. What is the units digit of x?
6
Suppose 4*h - 16 = 0, 4*g - 20 = 3*h - 4*h. Suppose w - 4*j = -0*w - 13, -g = -j. Suppose q - 12 = -w*o + 4, -o + 2 = -3*q. What is the units digit of q?
1
Suppose -3*r + 2586 = 3*d, 38*d - 35*d = 12. What is the hundreds digit of r?
8
Let b = -121 + 128. Suppose b*v = 193 + 136. What is the units digit of v?
7
Let g(j) = -28 + 9 + j**2 + 5 - 3*j + 7. Let u be g(9). What is the units digit of (u + 0 - 4) + -4?
9
Let c = 3427 - 1844. What is the units digit of c?
3
Let h = 643 - 634. What is the units digit of h?
9
Suppose -5*a + 44 - 122 = -d, 5*d = -a + 390. Suppose -y + d = 2*t - 4*t, 0 = -4*y + 4*t + 296. What is the units digit of y?
0
Suppose -4*o = 20, -11*x + 943 = -9*x - o. What is the units digit of x?
9
Let w(j) = j**3 - 3*j**2 - 5*j - 9. Let p(u) = u**2 - 2*u - 3. Let v be p(-2). What is the tens digit of w(v)?
1
Let n be (-4)/(0/(-2) + -1). Suppose 180 = 6*m - n*m. What is the units digit of m?
0
Suppose -4*j + 0*c - 3*c + 1936 = 0, 2*j - 3*c - 950 = 0. Suppose -5*h - 2*s = 89 - 891, 0 = 3*h + s - j. What is the hundreds digit of h?
1
What is the hundreds digit of (-795825)/486*4*(-2)/10?
3
Let o = 133 - -249. Let y = o + -211. What is the hundreds digit of y?
1
Let r = -217 + 1160. What is the tens digit of r?
4
Let j(m) = m**2 + 3*m - 7. Let w be j(-5). Suppose 0*y + w = y. What is the units digit of (-9)/((-3)/(9/y))?
9
Let f = -6105 + 10195. What is the tens digit of f?
9
Let c = -41 + 45. Suppose 4*z + 360 - 41 = 3*y, -5*y + c*z + 521 = 0. What is the hundreds digit of y?
1
Let y be -55*-4*(-22)/20. Let c = 357 + y. What is the hundreds digit of c?
1
Let r(w) = -3*w**3 - 8*w**2 + 4*w + 5. What is the units digit of r(-7)?
4
Let a(u) = 27*u - 14. Let w(f) = f**3 - 2*f**2 - 9*f + 8. Let d be w(4). What is the tens digit of a(d)?
9
Suppose 10 = 3*c + 2*r, -4*c - r = -2*r - 17. Suppose c*h + 284 = 4*l, 0 = 3*h + l + 202 - 1. Let j = 147 + h. What is the tens digit of j?
7
Let u = -635 + 365. What is the tens digit of -7*(u/7)/5?
5
Suppose 137 = -2*d + 5*f, -335 = 5*d - 0*f - 5*f. Suppose 0 = -4*k - 8 - 72. Let w = k - d. What is the tens digit of w?
4
What is the units digit of (-59)/(-1)*-2*(-4 - 0)?
2
Let h(b) be the first derivative of -b**3/3 + 11*b**2/2 + 44*b - 3. What is the units digit of h(13)?
8
Let l(a) = -4*a - 5. Let z be l(-2). Suppose r + z = -0*r. What is the tens digit of 23 - 1*r/(-3)?
2
Suppose 4*u - 17*u + 4992 = 0. What is the units digit of u?
4
Let p(g) = g**2 + 6*g + 5. Let a be p(-3). What is the units digit of -2 - 14/a - 1252/(-8)?
8
Suppose -3*r + 7819 = u, -8*u + 12*u + 7844 = 3*r. What is the units digit of r?
8
Let q(c) = -c**3 + 6*c**2 + 8*c - 3. Let j(t) = t**3 + t**2 - 3*t + 1. Let f be j(2). Let m be q(f). Let y = 15 - m. What is the units digit of y?
1
Let d(p) = 10*p**2 - 20*p + 23. What is the tens digit of d(7)?
7
Suppose -5*d + 3*x + 6383 = 1797, 15 = 5*x. What is the hundreds digit of d?
9
Let g(i) = 13*i**2 + 8*i - 114. What is the hundreds digit of g(11)?
5
Suppose -4*s + i = 216, s - 3*i = -47 + 4. Let k = s + 103. What is the tens digit of k?
4
Let i be (-65)/(-26)*(0 - -2). Let s(u) = -u**3 - 5*u**2 + 5*u. Let d be s(-6). Let t = i + d. What is the units digit of t?
1
Let w = 753 + -445. Suppose -31*q + 35*q = w. What is the units digit of q?
7
Let b(h) be the first derivative of -3*h**3/2 - 3*h**2 + 5*h + 7. Let f(k) be the first derivative of b(k). What is the units digit of f(-4)?
0
Let y = 35 - 42. Let h(u) = -11*u - 5. What is the units digit of h(y)?
2
Let n = -53 + 49. Let a(d) = 8*d**2 + 6*d + 4. What is the tens digit of a(n)?
0
Suppose 0*g - 2*g - 2*u - 280 = 0, 428 = -3*g - 5*u. Let v = g - -245. What is the hundreds digit of v?
1
Suppose -2*k + 1099 = 2*c + 87, -2*k = 5*c - 997. What is the tens digit of k?
1
Suppose -5*v = 0, 0*p - 3*v + 4 = 4*p. Let j = p - -9. What is the tens digit of 2/j - 294/(-30)?
1
Suppose j - 284 = 23*l - 22*l, 0 = -5*j - 5*l + 1470. What is the tens digit of j?
8
Let o be (2 + 5)/(2 - 140/68). Let i = o - -220. What is the hundreds digit of i?
1
Suppose 53 + 97 = 5*s. Let o = s - -5. What is the units digit of o?
5
Suppose 2*q + 2*k + 4 = -2*k, -4*k = -q + 16. Suppose -q*s = x - 2*x - 219, -3*x + 183 = 3*s. What is the units digit of s?
6
Let h = -44 + 85. Suppose 2*n - 45 = h. Suppose -5*t + n = 5*a - 2, -t = 5*a - 21. What is the units digit of t?
6
Let b(v) = -52*v + 6. Let k be b(-3). Suppose o = -2*o + 15. Suppose 12 - k = -o*n. What is the tens digit of n?
3
Let h(c) = 2*c - 14. Let p = 15 + -8. Let b be h(p). Suppose 2*j - 3*j + 20 = b. What is the tens digit of j?
2
Let w = 94 + -46. Suppose 14*h + w = 15*h. What is the tens digit of h?
4
Let h = 284 - 109. Suppose 365 + h = 4*m - 4*i, -i = -2. What is the tens digit of m?
3
Let g be (-5)/(-25) - 28/(-10). Let z = g + 0. Suppose 0 = d + z*f - 67 + 19, 3*d = 3*f + 108. What is the tens digit of d?
3
Let m = 9350 - 5088. What is the tens digit of m?
6
Suppose 0 = -3*o + 3*q + 2739, q + 540 = 3*o - 2205. What is the tens digit of o?
1
Let p(z) = z + 1. Let u be p(2). Let h(t) = 5*t - 7. Let y be h(u). Suppose n + 0*n - y = 0. What is the units digit of n?
8
Suppose 35 = -2*m - 5*m. Let u = -21 - m. What is the units digit of ((-39)/(-52))/((-2)/u)?
6
What is the units digit of (7816/6)/(-6*(-8)/72)?
4
Let u(q) = q - 6. Let s be u(9). Suppose -4*o - s - 9 = 0, 0 = 2*k + 3*o + 9. Suppose 2*m - 5*d + 2 = 3, k = -2*d + 6. What is the units digit of m?
8
Let b(x) = 12*x**2 + x - 18. What is the units digit of b(10)?
2
Let x(g) = -g**3 + 6*g**2 - 4*g - 2. Let o = 16 - 11. Let k be x(o). Suppose -k*u + 71 = -2*y + 4*y, -4*u = -y + 19. What is the tens digit of y?
3
Suppose 0 = -6*i + 5*i - 5. Let f be (-6 + 1)*4/i. Suppose f*n - 48 = -2*m - n, -2*n + 120 = 5*m. What is the units digit of m?
4
Suppose 0 = -9*v - 0*v. Suppose v = -2*m - 5*m + 805. What is the units digit of m?
5
Let d = 49 + 49. What is the tens digit of d?
9
Suppose -1 = -b + 2, -2*b = -5*t + 19. Suppose -2*h - x + 324 = -2*x, -5*h = t*x - 840. What is the hundreds digit of h?
1
What is the hundreds digit of 71*((-90)/(-5))/6?
2
Let z = 8 + 17. Suppose 12 = -4*j, z + 18 = 4*v + 3*j. Let i = v - 2. What is the units digit of i?
1
Let k be -2 - (0/4 - 170). Suppose 0 = 6*y - k - 18. What is the units digit of y?
1
Let b(j) = -j**3 + 4*j**2 + 7*j - 4. Let i be b(4). Let m = 71 - i. What is the units digit of m?
7
Let l(o) = o + 1. Let a(v) = v**3 - 4*v**2 - 4*v - 12. Let k(x) = -a(x) - 6*l(x). What is the units digit of k(3)?
9
Suppose 51*c - 33*c - 32508 = 0. What is the units digit of c?
6
Let m(s) = -s**3 - 7*s**2 - 7*s + 4. Let z be m(-8). Suppose 3*o - z = o. What is the tens digit of o?
6
Suppose 0 = -0*f + 4*f + 96. Let g = f + 26. What is the units digit of g?
2
Suppose 0*a = -2*a, 2*r - 56 = -3*a. Suppose -4*x + 0*x + r = 0. Suppose -276 = -x*q + 3*q. What is the tens digit of q?
6
Suppose b - 190 = 6*b. Let w = b + 69. What is the units digit of w?
1
Let k(g) = -g**3 - 16*g**2 - 15*g + 3. Let o be k(-15). What is the units digit of o + 1 + (-9)/(-3)?
7
Let w = -607 + 1139. What is the tens digit of w?
3
Let c(v) be the second derivative of v**5/20 - v**4/6 + 5*v**3/6 - 3*v**2/2 - 10*v. What is the units digit of c(3)?
1
Let u = 16 + -11. Let p = 3 + u. Suppose -3*h = -p*h + 130. What is the tens digit of h?
2
Let p = 32 + -95. Let u = p + 186. What is the units digit of u?
3
Suppose -i - 3*k + 5*k + 190 = 0, -986 = -5*i - 2*k. Let a be 3*(4/3)/(-2). What is the units digit of a*i/16*-2?
9
Let r = 195 - 103. Suppose g = -2, 94 + r = 4*i + 5*g. What is the units digit of i?
9
Suppose 5*j + 14 = -2*n - 6, 4*n = -5*j - 40. Let q = 18 + n. What is the units digit of (-1 + 2/q)*-8?
6
Let m = 2422 + -1442. What is the units digit of m?
0
Let d(m) = m**3 - 7*m**2 + 10*m - 1. Let c be d(5). What is the units digit of (-18)/(-6) - (-4 - c)?
6
Suppose 473 = 3*o + 116. Let w = o + -83. What is the units digit of w?
6
Suppose 0 = 2*k + 11 - 29. Let a(c) = c